{"id":24,"date":"2015-12-01T21:58:51","date_gmt":"2015-12-01T20:58:51","guid":{"rendered":"http:\/\/mh.jamul.koeln\/?page_id=24"},"modified":"2022-10-13T22:04:58","modified_gmt":"2022-10-13T21:04:58","slug":"leistungen","status":"publish","type":"page","link":"https:\/\/hausarzt-heuser.de\/koeln\/leistungen\/","title":{"rendered":"Leistungen"},"content":{"rendered":"<p>Ich biete Ihnen unter anderem folgende Leistungen in meiner Praxis an:<\/p>\n<ul>\n<li>EKG<\/li>\n<li>Gesundheitsvorsorgeuntersuchung (Check-up 35)<\/li>\n<li>Haus\u00e4rztliche Grundversorgung<\/li>\n<li>Hausbesuche<\/li>\n<li>Heimversorgung Zollstockh\u00f6fe<\/li>\n<li>Hom\u00f6opathie<\/li>\n<li>Impfungen<\/li>\n<li>Laboruntersuchungen (Blut; Stuhl, Urin)<\/li>\n<li>Langzeitblutdruckmessung<\/li>\n<li>Pulsoxymetrie (Sauerstoffs\u00e4ttigung)<\/li>\n<li>Psychosomatische Grundversorgung<\/li>\n<li>Sonographie\/Ultraschalluntersuchungen (Ultraschall Schilddr\u00fcse, Bauchorgane)<\/li>\n<li>Spirometrie (Lungenfunktionstest)<\/li>\n<li>Verordnung medizinischer Rehabilitation<\/li>\n<li>Vor- und nachstation\u00e4re Betreuung<\/li>\n<li>Wundversorgung, Chirurg. Grundversorgung<\/li>\n<li>Individuelle Gesundheitsleistungen: medizinische individuelle Gesundheitsleistungen, gew\u00fcnschte Leistungen, Privatliquidation\/Zahlung gem\u00e4\u00df GO\u00c4 (Geb\u00fchrenordnung f\u00fcr \u00c4rzte), z.B. Laboruntersuchungen auf Wunsch (HIV\/AIDS-Test), Atteste, Tauchtauglichkeitsbescheingung, Versicherungsanfragen, etc.<\/li>\n<\/ul>\n","protected":false},"excerpt":{"rendered":"<p>Ich biete Ihnen unter anderem folgende Leistungen in meiner Praxis an: EKG Gesundheitsvorsorgeuntersuchung (Check-up 35) Haus\u00e4rztliche Grundversorgung Hausbesuche Heimversorgung Zollstockh\u00f6fe Hom\u00f6opathie Impfungen Laboruntersuchungen (Blut; Stuhl, Urin) Langzeitblutdruckmessung Pulsoxymetrie (Sauerstoffs\u00e4ttigung) Psychosomatische Grundversorgung Sonographie\/Ultraschalluntersuchungen (Ultraschall Schilddr\u00fcse, Bauchorgane) Spirometrie (Lungenfunktionstest) Verordnung medizinischer Rehabilitation Vor- und nachstation\u00e4re Betreuung Wundversorgung, Chirurg. Grundversorgung Individuelle Gesundheitsleistungen: medizinische individuelle Gesundheitsleistungen, gew\u00fcnschte Leistungen, Privatliquidation\/Zahlung &hellip; <a href=\"https:\/\/hausarzt-heuser.de\/koeln\/leistungen\/\" class=\"more-link\"><span class=\"screen-reader-text\">Leistungen<\/span> weiterlesen<\/a><\/p>\n","protected":false},"author":1,"featured_media":0,"parent":0,"menu_order":5,"comment_status":"closed","ping_status":"closed","template":"","meta":{"two_page_speed":[],"footnotes":""},"class_list":["post-24","page","type-page","status-publish","hentry"],"_links":{"self":[{"href":"https:\/\/hausarzt-heuser.de\/koeln\/wp-json\/wp\/v2\/pages\/24","targetHints":{"allow":["GET"]}}],"collection":[{"href":"https:\/\/hausarzt-heuser.de\/koeln\/wp-json\/wp\/v2\/pages"}],"about":[{"href":"https:\/\/hausarzt-heuser.de\/koeln\/wp-json\/wp\/v2\/types\/page"}],"author":[{"embeddable":true,"href":"https:\/\/hausarzt-heuser.de\/koeln\/wp-json\/wp\/v2\/users\/1"}],"replies":[{"embeddable":true,"href":"https:\/\/hausarzt-heuser.de\/koeln\/wp-json\/wp\/v2\/comments?post=24"}],"version-history":[{"count":3,"href":"https:\/\/hausarzt-heuser.de\/koeln\/wp-json\/wp\/v2\/pages\/24\/revisions"}],"predecessor-version":[{"id":419,"href":"https:\/\/hausarzt-heuser.de\/koeln\/wp-json\/wp\/v2\/pages\/24\/revisions\/419"}],"wp:attachment":[{"href":"https:\/\/hausarzt-heuser.de\/koeln\/wp-json\/wp\/v2\/media?parent=24"}],"curies":[{"name":"wp","href":"https:\/\/api.w.org\/{rel}","templated":true}]}}